-13*m + y*m = -553. What are the prime factors of m?
79
Suppose 0 = 5*g + 15, -3*s - 761 = -5*g - 5984. What are the prime factors of (-2)/(3/3) + s/7?
2, 3, 41
List the prime factors of 2750/(-88) + 31 + 343873/4.
2, 3, 199
Suppose -72*k + 475469 + 154675 = 0. What are the prime factors of k?
2, 547
Let p be -1*6 + ((-24325)/7 - -6). Let r = 5072 + p. What are the prime factors of r?
1597
Let c be 2 - 16/10 - 40/(-25). Let h(i) = 169*i - 39. What are the prime factors of h(c)?
13, 23
Let s(u) = 2*u**3 + 4*u**2 - u + 1. Let y be s(-3). Let t = -1173 - -1167. What are the prime factors of t/(-21) + (-864)/y?
2, 31
Suppose -21*r - 3427 = 9257. Let j = -991 - r. List the prime factors of (3 - j/(-15))/((-4)/20).
2, 3, 19
Suppose 3*p - 32 = -2*b, -4*b - 4*p + 36 = -5*p. What are the prime factors of (b - (-188)/(-20))/((-1)/(-2705))?
3, 541
Suppose 0 = -2*x - a + 11, -3*a - 5 = -4*a. Suppose 4*v + 88 = 4*z, -v - 51 = -x*z - 3*v. Let o = 1 + z. List the prime factors of o.
2, 5
Let j = 266 - 157. Let r(n) = -n**3 + 16*n**2 - 8*n + 99. Let q be r(16). Let f = q + j. What are the prime factors of f?
2, 5
Suppose 4*q + 447 = -349. Suppose 3*f + 5*y - 2*y = 963, 5*y + 1555 = 5*f. Let b = f + q. List the prime factors of b.
3, 13
What are the prime factors of (6/(-15))/((-14 + 19)/(-748875))?
2, 3, 5, 1997
Let q(x) be the second derivative of x**5/20 - 13*x**4/12 + x**3 + 11*x**2/2 - 3*x + 70. Suppose 26 = 4*n - 26. What are the prime factors of q(n)?
89
Let n(a) = a**2 - 16*a - 54. Let r = 57 + -35. Let i be n(r). Suppose c - i = -56. List the prime factors of c.
2, 11
Suppose -s + 2 = -3. Suppose -s*z = 3*z. Suppose 2*t + 3*r - 153 = z, -141 = -2*t - 4*r + 15. What are the prime factors of t?
2, 3
Let t be 2/(-17) + 45496/34. Suppose 0 = 4*u + 2*b - t, -5*u + u + 3*b = -1363. What are the prime factors of u?
337
Let k = 24987 + -22963. What are the prime factors of k?
2, 11, 23
Let d be (-9)/(-2) + (-5)/10. Suppose 0 = -3*u + l + 2, -u + 9*l - 10 = 6*l. Suppose -5*s = -d*c - 255, -5*s = -0*c + u*c - 255. List the prime factors of s.
3, 17
Let m = 12438 + -6470. What are the prime factors of m?
2, 373
Let w = 3596 + -1183. What are the prime factors of w?
19, 127
Let p(a) = 5*a**2 - 3*a - 4. Let q be p(-4). Let h = q - 140. Let r = -20 - h. List the prime factors of r.
2
Let q be ((-10)/(-25))/((-2)/(-10)). Suppose -22 = -2*a + p + 221, -2*p = -q. Let h = a + -80. What are the prime factors of h?
2, 3, 7
Suppose -3*g = -477 - 1311. Let h = g - 388. What are the prime factors of 18/15*(h - 3)?
2, 3, 41
Let t = -5 - 7. Let c(b) = -b**3 - 10*b**2 - 22*b + 4. Let a be c(t). Suppose -3*s - 91 = -a. What are the prime factors of s?
5, 31
Let f(w) = -w**2 + 128*w + 2033. What are the prime factors of f(100)?
3, 179
Suppose -1353 + 178 = -v. Let t = -696 + v. What are the prime factors of t?
479
Suppose 3*h = -4*t + 7474, 5*h - 9*t = 6461 + 5980. List the prime factors of h.
2, 3, 5, 83
Suppose -2*j - 5*u - 30 = 0, -3*u - 9 + 23 = -2*j. Let w(y) = -104*y - 70. List the prime factors of w(j).
2, 5, 97
Suppose -4*a + 28232 = 4*c, 2*a + 3142 = 2*c - 10966. List the prime factors of c.
2, 3, 7
Let y(d) = 42*d + 934. List the prime factors of y(19).
2, 433
Let t = 694 + -690. What are the prime factors of -8 - t*(-3750)/12?
2, 3, 23
List the prime factors of 88924/6 - ((-8)/(-6))/(-1).
2, 7411
Let t be (-64)/(-10) + 2/(-5) - -2. Let o = 8 - t. Suppose o = -6*x + 22*x - 1072. What are the prime factors of x?
67
Suppose -4*b + 138221 = -3*k + 4348, -6*b = 3*k - 200787. What are the prime factors of b?
2, 29, 577
Let q(k) be the first derivative of k**3/3 - 19*k**2/2 + 8*k + 84. Suppose 0 = 2*i - 48 - 2. What are the prime factors of q(i)?
2, 79
Let m(q) = -8*q - 12. Let c be m(2). Suppose 4*r = 3*l - 426 + 39, -3*r = -4*l + 516. Let t = c + l. What are the prime factors of t?
101
Let d = 36 + -10. Let q = 26 - d. List the prime factors of (17 + 166)*(q/(-2) + 1).
3, 61
Suppose -65*z + 622184 = -876781. List the prime factors of z.
3, 7687
Suppose -2*s - 2*g - 12 = -g, -5*s - 5*g - 40 = 0. List the prime factors of (-26)/8*(185 - 9)/s.
11, 13
List the prime factors of ((-104)/(-91) - 1) + (-145737)/(-21).
2, 5, 347
Let n(s) = 3*s**3 + 3*s**2 - 5*s + 3. Let w be n(3). Suppose 10*z - w = 9*z. Suppose 2*g = 4*g - z. List the prime factors of g.
2, 3
Suppose -34*n + 75*n = 40*n + 1909. List the prime factors of n.
23, 83
Suppose -150*a - 1475155 + 6811555 = 0. List the prime factors of a.
2, 4447
Let x(j) = -14*j - 6. Suppose 2 = 2*h - 6. Suppose -h*t - 7 = 3*o + 2, -5*o - 15 = t. What are the prime factors of x(o)?
2, 3
Let w(g) = 8 - 16 + 3 + 349*g + 7. List the prime factors of w(1).
3, 13
Let q be 27/6*-10*(-4)/30. What are the prime factors of 12 + (-48)/q - -142*5?
2, 3, 7, 17
Let v(o) = 83*o**2 + 16*o + 372. List the prime factors of v(-27).
3, 20149
Suppose 2*s + 0*o = -2*o - 654, -s = -3*o + 339. Let l be ((-2)/6)/(5/s). Let t = 114 + l. List the prime factors of t.
2, 17
Let b = -11 - -15. Suppose -2*u = 2*k - 4*k + b, 3*u = -3*k + 18. List the prime factors of (-205)/(-3) + u/(-6).
2, 17
Let h = 123 + -223. Let q be (2/(4/(-3)))/(2/h). Let r = 45 + q. What are the prime factors of r?
2, 3, 5
Let k = -2088 - -11781. List the prime factors of k.
3, 359
Let n = 161 + 2724. List the prime factors of n.
5, 577
Suppose 3332 = 3*l + 3*x + 983, -l + 759 = -5*x. Let g = -498 + l. List the prime factors of g.
281
Let y = -54234 - -96261. What are the prime factors of y?
3, 14009
Suppose 81 = -18*a - 9. List the prime factors of (-1759)/a - (-3 + 70/25).
2, 11
What are the prime factors of (-1711700)/(-210) - (-12)/252?
3, 11, 13, 19
Let g be (9 + (-4 - 0/1))*12. Let u be (2565/g)/((-1)/(-4)). Let v = 301 - u. What are the prime factors of v?
2, 5, 13
Let p = -480 - -1000. List the prime factors of p - -3*6/6.
523
Suppose 54*j + 43*j - 760577 = 0. What are the prime factors of j?
7841
Suppose 5*d = -3*x + 4*x - 28, 0 = -4*x + 2*d + 40. Suppose -400 = -x*o + 3*o. What are the prime factors of (o/60)/((-8)/(-54))?
3
Suppose -14*n - 5971 = 7399. Let a = 1929 + n. List the prime factors of a.
2, 487
Suppose -2*s + 39800 = 5*h, -s - 25*h + 29*h = -19887. List the prime factors of s.
5, 23, 173
Let n = -29239 - -50506. List the prime factors of n.
3, 17, 139
Let h(f) = f**3 - f**2 + f + 5. Let v be h(0). Let z be -3 - (91 + v)/1. What are the prime factors of 5372/22 + 18/z?
2, 61
Suppose 4*v - v - 390 = -4*o, -5*v = -2*o + 182. Suppose -325 = 11*b - 6*b. Let c = b + o. List the prime factors of c.
31
Suppose 4456 - 73154 = -7*b. Suppose b + 49226 = 32*h. What are the prime factors of h?
3, 5, 41
Suppose 0 = -4*g - f + 9 + 17, 8*f = 4*g - 44. Let s(w) = 6 + 23 + 12 - 2*w. List the prime factors of s(g).
3
Suppose 39532 = 24*a - 109892. List the prime factors of a.
2, 11, 283
Suppose -15*y = 39 - 111 + 27. Let w = -1 + 16. Suppose -w*b = -y*b - 2124. List the prime factors of b.
3, 59
Let d = 100 + -55. Suppose 5*p + 4*p = d. Suppose p*n - 319 = n - 3*r, -5*n + 407 = r. List the prime factors of n.
2, 41
Suppose -2*q = 4*r - 19238, 28*r - 29*r - 5*q + 4778 = 0. List the prime factors of r.
4813
What are the prime factors of 10 + (2/(-9) - 38611320/(-1080))?
11, 3251
Suppose 129*x - 2138449 = -16*x + 483731. What are the prime factors of x?
2, 3, 11, 137
Let d = 237 + -175. Suppose -6*h + 1322 = d. What are the prime factors of h?
2, 3, 5, 7
Let n(k) = 2345*k**3 + 4*k**2 + 22*k - 50. What are the prime factors of n(2)?
2, 5, 1877
Suppose -q - 2*n = -3*q + 2238, -4*q + 4484 = -2*n. Let i = q - 269. List the prime factors of i.
2, 7, 61
Let v be 11 + (4 - (1 - -3)). Suppose v = -q + 15. Suppose -181 = -3*k - q*a, 2*k = k - 4*a + 55. What are the prime factors of k?
3, 7
Let c be (-2 - -6)*(1 - 3). Let b be c/(-12) + 1156/12. Suppose 3*i - s = b - 38, 0 = i - 3*s - 17. What are the prime factors of i?
2, 5
Let l be 6/21 - 1720/(-56). Let f = l + 9. Let i = f + 21. List the prime factors of i.
61
Suppose 2*r = 230 - 42. Let x(j) = -j**3 + 12*j**2 - 10*j - 8. Let y be x(11). Suppose -4*d - r = -3*z, -d = -y*z + 8*z - 126. What are the prime factors of z?
2, 13
Suppose 11*u = 19122 - 7418. Suppose 127*b - 125*b - u = 0. What are the prime factors of b?
2, 7, 19
What are the prime 